0100011
What is -201211112111 (base 3) in base 9?
-654474
Convert 1053350 (base 6) to base 4.
31022202
Convert -161622344 (base 7) to base 16.
-a6c829
Convert -1bd5c (base 15) to base 13.
-32409
9d47dd (base 14) to base 4
110122232233
Convert -1104cc (base 13) to base 14.
-a6054
Convert -5946a (base 15) to base 5.
-33101000
Convert 2424142142 (base 5) to base 12.
1aa697a
611969 (base 11) to base 8
3600622
What is 100101001010100010011 (base 2) in base 11?
761a61
What is 11213032 (base 5) in base 11?
69994
235315412 (base 6) to base 15
5d0e1b
-1133413343 (base 5) to base 8
-12041406
Convert -124404 (base 7) to base 11.
-16464
Convert -1020000102 (base 3) to base 6.
-303232
15443722 (base 9) to base 2
11101011001001100101100
What is 10010101100011 (base 2) in base 5?
301241
Convert -93689 (base 10) to base 6.
-2001425
What is -20221211 (base 3) in base 14?
-1bc3
201bf3 (base 16) to base 6
113034055
Convert 100111102020201 (base 3) to base 15.
69a64d
-1a81975 (base 14) to base 2
-110010011011011110000011
Convert -101010111011111010011 (base 2) to base 7.
-14646561
Convert 46732 (base 16) to base 10.
288562
Convert 63167 (base 11) to base 9.
150218
255014052 (base 6) to base 2
10011000011010101010000
What is 4981079 (base 10) in base 9?
10331672
What is -18276 (base 12) in base 5?
-2104223
What is -527899 (base 10) in base 14?
-da551
What is -33874 (base 11) in base 6?
-1014405
Convert 1342466 (base 7) to base 8.
534654
What is -716881 (base 11) in base 3?
-2011110221011
Convert 1a6a043 (base 12) to base 11.
3196471
Convert 154534015 (base 6) to base 16.
327ffb
-2527215 (base 9) to base 14
-27b916
Convert 41109 (base 13) to base 7.
663666
-2538a (base 14) to base 8
-262176
-1735893 (base 10) to base 8
-6476325
12001222002000 (base 3) to base 2
1010010010001011011000
What is -f0d45 (base 16) in base 7?
-11245624
426160 (base 10) to base 3
210122120201
-110001100011000100011 (base 2) to base 15
-2210e2
What is 20121122122 (base 3) in base 10?
130238
Convert 537c3 (base 15) to base 7.
2152422
-121a87 (base 13) to base 10
-432413
52310214 (base 6) to base 16
172882
What is -43aac (base 14) in base 7?
-1252105
What is 1000001000111110001111 (base 2) in base 6?
113423103
What is -3629b (base 14) in base 8?
-402221
-2340305 (base 7) to base 5
-33423400
What is 107165 (base 9) in base 8?
175444
1d1e1 (base 16) to base 10
119265
-213601 (base 10) to base 13
-762bb
-107416 (base 13) to base 6
-12145211
What is 3122104 (base 10) in base 8?
13721670
Convert -20762b (base 12) to base 15.
-a148e
153156 (base 9) to base 2
10110111111011101
Convert -ee19c3 (base 16) to base 14.
-2102911
Convert -2770633 (base 9) to base 13.
-4140b4
-6146188 (base 9) to base 2
-1100100000011010001010
Convert 15503354 (base 6) to base 4.
2012332312
What is d44eda (base 16) in base 13?
2b62139
155c9 (base 13) to base 5
2244211
-212110111100 (base 3) to base 16
-70bf9
1123442120 (base 6) to base 15
116bd80
What is 630a86 (base 11) in base 6?
33403005
2358114 (base 11) to base 15
562cc9
Convert -4110516 (base 7) to base 14.
-ca846
Convert -a59a23 (base 12) to base 5.
-1131442034
Convert 33049 (base 13) to base 9.
150584
What is 71b709 (base 12) in base 16?
1b3339
Convert 1000010101011110000 (base 2) to base 9.
455604
666437 (base 8) to base 9
372012
What is 213021545 (base 6) in base 7?
44101454
8608ab (base 12) to base 10
2116355
Convert -399cc (base 13) to base 5.
-11412040
What is -7345490 (base 10) in base 6?
-421234522
Convert -230222001030 (base 4) to base 7.
-201334401
Convert -7b6563 (base 15) to base 8.
-26367520
What is -211260 (base 7) in base 3?
-1212001210
Convert -8403741 (base 9) to base 13.
-c12c13
47543c (base 13) to base 2
110011110010000101011
What is 200211001012 (base 3) in base 7?
3101531
What is 13202550 (base 6) in base 15?
89333
Convert 22301110121 (base 4) to base 10.
2823449
-633186 (base 9) to base 2
-1011011111000000011
What is -381026 (base 11) in base 5?
-123223030
-10ba8 (base 16) to base 10
-68520
What is 4a7430 (base 11) in base 8?
3033300
-43522303 (base 7) to base 8
-16202330
What is 10001111011000101100000 (base 2) in base 5?
2200322324
What is 914567 (base 10) in base 15?
130eb2
Convert 1472843 (base 9) to base 3.
1112102221110
Convert 5688228 (base 9) to base 2.
1011101101100000110111
-12312101200 (base 5) to base 8
-71033611
324205 (base 6) to base 7
141212
512e5 (base 16) to base 3
121220010110
Convert 1a7220 (base 15) to base 12.
522456
Convert 3c788 (base 13) to base 12.
55712
Convert -1000101211222 (base 3) to base 9.
-1011758
59863 (base 14) to base 13
78565
What is 21410232 (base 5) in base 12?
8b123
What is 507b9 (base 14) in base 5?
22143430
Convert -400e88 (base 15) to base 6.
-145101402
Convert -66321342 (base 7) to base 2.
-10101110000010011101111
Convert -5510434 (base 11) to base 7.
-145156251
What is -2523090 (base 10) in base 3?
-11202012000210
Convert -8fb38 (base 16) to base 5.
-122313400
What is 10100011000011100010 (base 2) in base 15?
d2d4e
-103501343 (base 6) to base 4
-13011303333
What is -39aa57 (base 11) in base 4?
-2121230000
4386b (base 14) to base 16
27ee7
Convert 110030040 (base 5) to base 10.
470645
154f4 (base 16) to base 14
23b48
What is 1093344 (base 10) in base 3?
2001112210020
1101010100100001011001 (base 2) to base 14
66c7d7
-642282 (base 9) to base 13
-104c96
What is -122001021221210 (base 3) in base 4?
-202203322023
What is 6737525 (base 8) in base 13?
4b8910
What is -2512501 (base 9) in base 6?
-45142344
-1222333432 (base 5) to base 12
-b95841
Convert -10401112 (base 5) to base 15.
-1bd72
What is -167a4 (base 13) in base 9?
-65054
What is 583287 (base 11) in base 8?
3421771
Convert -3669b (base 12) to base 8.
-217527
What is 31210110 (base 4) in base 16?
d914
What is -7dec (base 16) in base 13?
-11899
What is 756573 (base 9) in base 6?
13355533
What is -30b36 (base 14) in base 13?
-415ca
3b194 (base 12) to base 5
10101342
-155232 (base 8) to base 2
-1101101010011010
Convert 2121122202 (base 5) to base 8.
21041123
-125983 (base 10) to base 16
-1ec1f
-1110010100000101101000 (base 2) to base 12
-130b574
Convert 222001333 (base 4) to base 5.
21002114
Convert -521421 (base 7) to base 13.
-318c3
Convert -11503155 (base 6) to base 10.
-366191
4312414 (base 5) to base 3
10200221111
What is 25b1246 (base 13) in base 4?
231013122133
Convert 1419b9 (base 12) to base 10.
334941
What is -101022320 (base 5) in base 3?
-202201110000
Convert -59269a (base 12) to base 6.
-50432314
What is 476408 (base 9) in base 13?
a072a
-1200220022222 (base 3) to base 10
-903473
1001011010011000110110 (base 2) to base 12
9aba72
-11002222120111 (base 3) to base 5
-1024401002
What is 318d2 (base 14) in base 9?
202228
What is -5416552 (base 8) in base 15?
-1d9667
What is -4412132 (base 9) in base 13?
-64ca27
-5b52b (base 14) to base 16
-36833
1464633 (base 7) to base 8
610415
Convert 840424 (base 9) to base 14.
cdbb8
Convert 26516442 (base 7) to base 3.
11121001101100
Convert 201220100021 (base 3) to base 10.
391723
Convert 545127 (base 13) to base 6.
110251240
100101111100100 (base 2) to base 12
b2b0
What is 13201145 (base 6) in base 12?
1901b5
Convert -a4ac3 (base 16) to base 13.
-1a8017
Convert -259431 (base 10) to base 3.
-111011212120
1234313 (base 6) to base 11
4643a
2141144202 (base 5) to base 13
c61c55
b9603 (base 12) to base 11
157787
20201321 (base 5) to base 15
33326
-1111000010001110101011 (base 2) to base 10
-3941291
-73377 (base 9) to base 15
-e537
Convert -5512884 (base 9) to base 12.
-ba97a1
Convert 2055241 (base 6) to base 11.
69950
-638c6a (base 15) to base 4
-102010232011
Convert -248083 (base 11) to base 16.
-5f8ed
Convert -100100100000100011100 (base 2) to base 10.
-1196316
Convert 10111100111000111 (base 2) to base 8.
274707
-352271 (base 10) to base 14
-92543
What is -1105335 (base 6) in base 8?
-154533
What is -2292ab (base 14) in base 12?
-489673
-121231313032 (base 4) to base 6
-400254234
Convert -87457a (base 11) to base 9.
-2558173
474503 (base 8) to base 4
213211003
1010110001010011010 (base 2) to base 8
1261232
-10013001010 (base 4) to base 15
-164311
Convert -a1d667 (base 14) to base 12.
-19b0023
Convert 72b2 (base 13) to base 6.
201234
What is -107658 (base 9) in base 15?
-1427b
-1046c2a (base 13) to base 